{"id":827,"date":"2020-12-27T16:25:14","date_gmt":"2020-12-27T15:25:14","guid":{"rendered":"https:\/\/papogio.space\/?post_type=product&#038;p=827"},"modified":"2021-11-29T19:34:54","modified_gmt":"2021-11-29T18:34:54","slug":"oxford","status":"publish","type":"product","link":"https:\/\/papogio.space\/?product=oxford","title":{"rendered":"Chemise Alpha"},"content":{"rendered":"\t\t<div data-elementor-type=\"wp-post\" data-elementor-id=\"827\" class=\"elementor elementor-827\">\n\t\t\t\t\t\t\t\t\t<section class=\"elementor-section elementor-top-section elementor-element elementor-element-5ec2d215 elementor-section-boxed elementor-section-height-default elementor-section-height-default\" data-id=\"5ec2d215\" data-element_type=\"section\">\n\t\t\t\t\t\t<div class=\"elementor-container elementor-column-gap-default\">\n\t\t\t\t\t<div class=\"elementor-column elementor-col-100 elementor-top-column elementor-element elementor-element-34ae4471\" data-id=\"34ae4471\" data-element_type=\"column\">\n\t\t\t<div class=\"elementor-widget-wrap elementor-element-populated\">\n\t\t\t\t\t\t\t\t<div class=\"elementor-element elementor-element-405d82c6 elementor-widget elementor-widget-text-editor\" data-id=\"405d82c6\" data-element_type=\"widget\" data-widget_type=\"text-editor.default\">\n\t\t\t\t<div class=\"elementor-widget-container\">\n\t\t\t\t\t\t\tChemise symap l\u00e9g\u00e8re agr\u00e9able\r\n\r\n&nbsp;\t\t\t\t\t\t<\/div>\n\t\t\t\t<\/div>\n\t\t\t\t\t<\/div>\n\t\t<\/div>\n\t\t\t\t\t\t\t<\/div>\n\t\t<\/section>\n\t\t\t\t<section class=\"elementor-section elementor-top-section elementor-element elementor-element-7b4bdb5 elementor-section-boxed elementor-section-height-default elementor-section-height-default\" data-id=\"7b4bdb5\" data-element_type=\"section\">\n\t\t\t\t\t\t<div class=\"elementor-container elementor-column-gap-default\">\n\t\t\t\t\t<div class=\"elementor-column elementor-col-100 elementor-top-column elementor-element elementor-element-bbd8732\" data-id=\"bbd8732\" data-element_type=\"column\">\n\t\t\t<div class=\"elementor-widget-wrap\">\n\t\t\t\t\t\t\t\t\t<\/div>\n\t\t<\/div>\n\t\t\t\t\t\t\t<\/div>\n\t\t<\/section>\n\t\t\t\t\t\t\t<\/div>\n\t\t","protected":false},"excerpt":{"rendered":"<ul>\n<li>Tissu Oxford <strong>100% coton<\/strong><\/li>\n<li>Grammage :\u00a0 150g\/m\u00b2<\/li>\n<li>Certifi\u00e9 <a href=\"#elementor-action%3Aaction%3Dpopup%3Aopen%26settings%3DeyJpZCI6IjE1ODEiLCJ0b2dnbGUiOmZhbHNlfQ%3D%3D\"><span style=\"color: #25c00f;\">OEKO-TEX\u00ae<\/span><\/a><\/li>\n<\/ul>\n<p>&nbsp;<\/p>\n","protected":false},"featured_media":2476,"template":"","meta":{"site-sidebar-layout":"default","site-content-layout":"default","ast-main-header-display":"","ast-hfb-above-header-display":"","ast-hfb-below-header-display":"","ast-hfb-mobile-header-display":"","site-post-title":"","ast-breadcrumbs-content":"","ast-featured-img":"","footer-sml-layout":"","theme-transparent-header-meta":"default","adv-header-id-meta":"","stick-header-meta":"","header-above-stick-meta":"","header-main-stick-meta":"","header-below-stick-meta":""},"product_cat":[51,22],"product_tag":[29,24],"_links":{"self":[{"href":"https:\/\/papogio.space\/index.php?rest_route=\/wp\/v3\/product\/827"}],"collection":[{"href":"https:\/\/papogio.space\/index.php?rest_route=\/wp\/v3\/product"}],"about":[{"href":"https:\/\/papogio.space\/index.php?rest_route=\/wp\/v2\/types\/product"}],"version-history":[{"count":21,"href":"https:\/\/papogio.space\/index.php?rest_route=\/wp\/v3\/product\/827\/revisions"}],"predecessor-version":[{"id":1168,"href":"https:\/\/papogio.space\/index.php?rest_route=\/wp\/v3\/product\/827\/revisions\/1168"}],"wp:featuredmedia":[{"embeddable":true,"href":"https:\/\/papogio.space\/index.php?rest_route=\/wp\/v2\/media\/2476"}],"wp:attachment":[{"href":"https:\/\/papogio.space\/index.php?rest_route=%2Fwp%2Fv2%2Fmedia&parent=827"}],"wp:term":[{"taxonomy":"product_cat","embeddable":true,"href":"https:\/\/papogio.space\/index.php?rest_route=%2Fwp%2Fv2%2Fproduct_cat&post=827"},{"taxonomy":"product_tag","embeddable":true,"href":"https:\/\/papogio.space\/index.php?rest_route=%2Fwp%2Fv2%2Fproduct_tag&post=827"}],"curies":[{"name":"wp","href":"https:\/\/api.w.org\/{rel}","templated":true}]}}